 the remainder when 63 is divided by 4?
3
Calculate the remainder when 119 is divided by 18.
11
What is the remainder when 51 is divided by 3?
0
Calculate the remainder when 20998 is divided by 8.
6
Calculate the remainder when 19710 is divided by 176.
174
Calculate the remainder when 348 is divided by 70.
68
Calculate the remainder when 471 is divided by 11.
9
Calculate the remainder when 2062 is divided by 90.
82
What is the remainder when 238 is divided by 84?
70
Calculate the remainder when 6841 is divided by 569.
13
What is the remainder when 107 is divided by 30?
17
What is the remainder when 523 is divided by 15?
13
Calculate the remainder when 929 is divided by 156.
149
What is the remainder when 576 is divided by 192?
0
What is the remainder when 7736 is divided by 73?
71
What is the remainder when 278 is divided by 18?
8
Calculate the remainder when 13389 is divided by 13.
12
What is the remainder when 6078 is divided by 80?
78
Calculate the remainder when 3073 is divided by 41.
39
Calculate the remainder when 925 is divided by 58.
55
Calculate the remainder when 43 is divided by 22.
21
Calculate the remainder when 1245 is divided by 12.
9
Calculate the remainder when 304 is divided by 45.
34
What is the remainder when 85 is divided by 52?
33
What is the remainder when 210 is divided by 99?
12
What is the remainder when 1517 is divided by 1500?
17
What is the remainder when 726 is divided by 48?
6
What is the remainder when 951 is divided by 33?
27
Calculate the remainder when 208 is divided by 157.
51
Calculate the remainder when 873 is divided by 209.
37
What is the remainder when 1232 is divided by 613?
6
Calculate the remainder when 231 is divided by 18.
15
What is the remainder when 113 is divided by 38?
37
Calculate the remainder when 12 is divided by 5.
2
What is the remainder when 71 is divided by 44?
27
Calculate the remainder when 203 is divided by 9.
5
Calculate the remainder when 96 is divided by 20.
16
Calculate the remainder when 380 is divided by 74.
10
What is the remainder when 29 is divided by 8?
5
What is the remainder when 904 is divided by 65?
59
Calculate the remainder when 608 is divided by 65.
23
Calculate the remainder when 3430 is divided by 854.
14
Calculate the remainder when 1321 is divided by 57.
10
Calculate the remainder when 1362 is divided by 11.
9
What is the remainder when 231 is divided by 69?
24
What is the remainder when 856 is divided by 270?
46
Calculate the remainder when 575 is divided by 72.
71
What is the remainder when 1997 is divided by 8?
5
What is the remainder when 126 is divided by 75?
51
Calculate the remainder when 414 is divided by 61.
48
What is the remainder when 529 is divided by 14?
11
Calculate the remainder when 141 is divided by 81.
60
Calculate the remainder when 61 is divided by 20.
1
What is the remainder when 4924 is divided by 2457?
10
What is the remainder when 172 is divided by 37?
24
What is the remainder when 110 is divided by 55?
0
What is the remainder when 81 is divided by 4?
1
What is the remainder when 681 is divided by 57?
54
Calculate the remainder when 208 is divided by 21.
19
Calculate the remainder when 586 is divided by 28.
26
Calculate the remainder when 257 is divided by 81.
14
What is the remainder when 305 is divided by 156?
149
Calculate the remainder when 459 is divided by 116.
111
What is the remainder when 57 is divided by 16?
9
What is the remainder when 1089 is divided by 85?
69
What is the remainder when 260 is divided by 88?
84
Calculate the remainder when 324 is divided by 30.
24
What is the remainder when 863 is divided by 19?
8
Calculate the remainder when 362 is divided by 4.
2
Calculate the remainder when 217 is divided by 110.
107
What is the remainder when 5544 is divided by 146?
142
What is the remainder when 9238 is divided by 110?
108
What is the remainder when 424 is divided by 10?
4
What is the remainder when 50586 is divided by 33?
30
What is the remainder when 455 is divided by 76?
75
Calculate the remainder when 1644 is divided by 48.
12
What is the remainder when 133 is divided by 86?
47
What is the remainder when 2546 is divided by 182?
180
What is the remainder when 46 is divided by 43?
3
What is the remainder when 373 is divided by 94?
91
Calculate the remainder when 254 is divided by 212.
42
What is the remainder when 1246 is divided by 65?
11
What is the remainder when 273 is divided by 175?
98
What is the remainder when 17902 is divided by 14?
10
Calculate the remainder when 24 is divided by 23.
1
What is the remainder when 754 is divided by 7?
5
Calculate the remainder when 32 is divided by 13.
6
Calculate the remainder when 2231 is divided by 6.
5
What is the remainder when 162 is divided by 53?
3
What is the remainder when 564 is divided by 30?
24
What is the remainder when 51 is divided by 5?
1
What is the remainder when 2600 is divided by 137?
134
Calculate the remainder when 106 is divided by 13.
2
Calculate the remainder when 3023 is divided by 6.
5
Calculate the remainder when 101 is divided by 50.
1
What is the remainder when 2338 is divided by 466?
8
What is the remainder when 139 is divided by 125?
14
What is the remainder when 857 is divided by 243?
128
Calculate the remainder when 59 is divided by 15.
14
Calculate the remainder when 754 is divided by 325.
104
What is the remainder when 438 is divided by 22?
20
What is the remainder when 3529 is divided by 5?
4
What is the remainder when 3735 is divided by 117?
108
Calculate the remainder when 95 is divided by 60.
35
What is the remainder when 22020 is divided by 61?
60
Calculate the remainder when 187 is divided by 27.
25
What is the remainder when 2047 is divided by 18?
13
Calculate the remainder when 67 is divided by 24.
19
Calculate the remainder when 1702 is divided by 762.
178
What is the remainder when 95 is divided by 81?
14
What is the remainder when 5372 is divided by 27?
26
What is the remainder when 44 is divided by 17?
10
What is the remainder when 599 is divided by 75?
74
Calculate the remainder when 519 is divided by 171.
6
Calculate the remainder when 39 is divided by 11.
6
What is the remainder when 577 is divided by 29?
26
Calculate the remainder when 15892 is divided by 6.
4
Calculate the remainder when 15 is divided by 6.
3
Calculate the remainder when 35 is divided by 19.
16
What is the remainder when 63 is divided by 5?
3
What is the remainder when 537 is divided by 77?
75
Calculate the remainder when 116 is divided by 5.
1
What is the remainder when 1051 is divided by 125?
51
Calculate the remainder when 297 is divided by 13.
11
Calculate the remainder when 187 is divided by 39.
31
What is the remainder when 348 is divided by 164?
20
What is the remainder when 170 is divided by 50?
20
Calculate the remainder when 1552 is divided by 39.
31
Calculate the remainder when 2484 is divided by 208.
196
What is the remainder when 648 is divided by 129?
3
Calculate the remainder when 60 is divided by 47.
13
Calculate the remainder when 50255 is divided by 349.
348
Calculate the remainder when 763 is divided by 5.
3
Calculate the remainder when 105 is divided by 44.
17
Calculate the remainder when 157 is divided by 57.
43
Calculate the remainder when 60982 is divided by 231.
229
What is the remainder when 53 is divided by 23?
7
Calculate the remainder when 157 is divided by 142.
15
What is the remainder when 1199 is divided by 25?
24
Calculate the remainder when 868 is divided by 13.
10
Calculate the remainder when 27 is divided by 10.
7
Calculate the remainder when 1816 is divided by 905.
6
What is the remainder when 36 is divided by 24?
12
What is the remainder when 1382 is divided by 77?
73
Calculate the remainder when 127 is divided by 33.
28
What is the remainder when 346 is divided by 94?
64
Calculate the remainder when 546 is divided by 23.
17
What is the remainder when 59 is divided by 27?
5
What is the remainder when 239 is divided by 43?
24
What is the remainder when 1423 is divided by 119?
114
What is the remainder when 962 is divided by 88?
82
Calculate the remainder when 153 is divided by 52.
49
What is the remainder when 1863 is divided by 12?
3
What is the remainder when 18 is divided by 11?
7
What is the remainder when 94 is d